y 133008?
14
What is the remainder when 515414 is divided by 26?
16
What is the remainder when 265073 is divided by 43245?
5603
What is the remainder when 700408 is divided by 70018?
228
What is the remainder when 25846079 is divided by 3040?
3039
What is the remainder when 11006440 is divided by 287?
277
Calculate the remainder when 7770270 is divided by 1426.
1422
Calculate the remainder when 637875 is divided by 57501.
5364
What is the remainder when 111018 is divided by 674?
482
What is the remainder when 159814 is divided by 1815?
94
Calculate the remainder when 221416 is divided by 1124.
1112
What is the remainder when 1063700 is divided by 999?
764
What is the remainder when 192631675 is divided by 7572?
7567
Calculate the remainder when 118238 is divided by 1834.
862
What is the remainder when 177926780 is divided by 1184?
1180
What is the remainder when 39643683 is divided by 107145?
33
Calculate the remainder when 943395 is divided by 157231.
9
Calculate the remainder when 152186 is divided by 14357.
8616
What is the remainder when 932368 is divided by 932335?
33
Calculate the remainder when 5242108 is divided by 97076.
4
Calculate the remainder when 1758512 is divided by 2765.
2737
What is the remainder when 1368749 is divided by 281?
279
What is the remainder when 18884313 is divided by 10?
3
Calculate the remainder when 704222 is divided by 934.
920
What is the remainder when 7183403 is divided by 277?
239
Calculate the remainder when 24626645 is divided by 24626618.
27
What is the remainder when 1075285 is divided by 68?
1
What is the remainder when 38212789 is divided by 1345?
1339
What is the remainder when 14657 is divided by 753?
350
Calculate the remainder when 96901 is divided by 524.
485
What is the remainder when 253315736 is divided by 23?
15
What is the remainder when 67192920 is divided by 85?
80
What is the remainder when 116661 is divided by 2038?
495
Calculate the remainder when 943397 is divided by 251.
139
Calculate the remainder when 723113 is divided by 2065.
363
What is the remainder when 19272362 is divided by 397?
394
Calculate the remainder when 4944521 is divided by 75.
71
What is the remainder when 1795614 is divided by 1340?
14
What is the remainder when 92960 is divided by 4467?
3620
Calculate the remainder when 14273118 is divided by 80638.
192
Calculate the remainder when 53370544 is divided by 92.
56
What is the remainder when 198529 is divided by 301?
170
Calculate the remainder when 81711 is divided by 2052.
1683
Calculate the remainder when 35334 is divided by 8828.
22
What is the remainder when 1924248 is divided by 297?
282
What is the remainder when 990205 is divided by 495078?
49
Calculate the remainder when 64193 is divided by 4499.
1207
What is the remainder when 1246863 is divided by 32811?
45
What is the remainder when 120707 is divided by 18831?
7721
Calculate the remainder when 1278792 is divided by 2762.
2748
What is the remainder when 35907059 is divided by 141?
140
What is the remainder when 11178624 is divided by 775?
24
What is the remainder when 1434790 is divided by 262?
78
What is the remainder when 1926223 is divided by 45862?
19
Calculate the remainder when 358898 is divided by 224.
50
Calculate the remainder when 3499202 is divided by 36832.
162
What is the remainder when 220256268 is divided by 73418745?
33
Calculate the remainder when 7815575 is divided by 28.
19
Calculate the remainder when 478129 is divided by 544.
497
Calculate the remainder when 104333 is divided by 2371.
9
Calculate the remainder when 382523017 is divided by 10.
7
Calculate the remainder when 50395 is divided by 23482.
3431
Calculate the remainder when 22171907 is divided by 804.
803
Calculate the remainder when 1654390 is divided by 176.
166
What is the remainder when 672979 is divided by 67261?
369
Calculate the remainder when 2267189 is divided by 755613.
350
What is the remainder when 22672024 is divided by 82?
8
Calculate the remainder when 61506 is divided by 10786.
7576
Calculate the remainder when 24202555 is divided by 61.
12
What is the remainder when 11450714 is divided by 9737?
2
What is the remainder when 32482152 is divided by 3009?
3006
What is the remainder when 7465359 is divided by 2506?
2491
What is the remainder when 19660907 is divided by 9572?
19
Calculate the remainder when 109427 is divided by 4289.
2202
What is the remainder when 444957 is divided by 30?
27
Calculate the remainder when 11430180 is divided by 1039106.
14
Calculate the remainder when 119109405 is divided by 1169.
1164
What is the remainder when 25121 is divided by 11772?
1577
What is the remainder when 6427897 is divided by 1763?
1762
What is the remainder when 563595 is divided by 40?
35
Calculate the remainder when 73796369 is divided by 18449087.
21
What is the remainder when 4215121 is divided by 843022?
11
Calculate the remainder when 2844237 is divided by 75.
12
Calculate the remainder when 1305004 is divided by 1747.
1742
Calculate the remainder when 2771010 is divided by 1157.
1152
Calculate the remainder when 17953963 is divided by 4343.
1
Calculate the remainder when 954088 is divided by 238498.
96
Calculate the remainder when 390765 is divided by 56.
53
Calculate the remainder when 486338 is divided by 69118.
2512
What is the remainder when 117232 is divided by 1698?
70
Calculate the remainder when 79962 is divided by 40.
2
What is the remainder when 12632 is divided by 10158?
2474
Calculate the remainder when 2639428 is divided by 879752.
172
Calculate the remainder when 8206416 is divided by 77.
64
Calculate the remainder when 6739225 is divided by 1717.
0
What is the remainder when 714885 is divided by 714866?
19
Calculate the remainder when 141632 is divided by 27840.
2432
What is the remainder when 10458128 is divided by 36439?
135
What is the remainder when 18927792 is divided by 525?
492
What is the remainder when 22071 is divided by 6707?
1950
Calculate the remainder when 37174 is divided by 7350.
424
Calculate the remainder when 1539 is divided by 400.
339
Calculate the remainder when 31722851 is divided by 877.
7
What is the remainder when 3524498 is divided by 15?
8
Calculate the remainder when 357449237 is divided by 43.
41
Calculate the remainder when 4668905 is divided by 2521.
13
Calculate the remainder when 128654564 is divided by 9896504.
12
What is the remainder when 232396 is divided by 700?
696
Calculate the remainder when 174612231 is divided by 934.
931
What is the remainder when 85777 is divided by 7078?
841
What is the remainder when 8344906 is divided by 286?
284
Calculate the remainder when 88675 is divided by 7985.
840
Calculate the remainder when 37848 is divided by 943.
128
Calculate the remainder when 1053455 is divided by 297.
293
What is the remainder when 13505182 is divided by 19516?
110
Calculate the remainder when 789010 is divided by 294.
208
Calculate the remainder when 1231842 is divided by 58659.
3
Calculate the remainder when 154415 is divided by 154282.
133
What is the remainder when 6085090 is divided by 8769?
8173
Calculate the remainder when 2666634 is divided by 2852.
14
What is the remainder when 813336409 is divided by 5459?
5458
What is the remainder when 89254669 is divided by 5458?
5453
What is the remainder when 15255373 is divided by 287836?
65
Calculate the remainder when 3357 is divided by 1160.
1037
What is the remainder when 11863387 is divided by 2907?
2827
What is the remainder when 47679 is divided by 14?
9
What is the remainder when 2273317 is divided by 11310?
7
Calculate the remainder when 291563 is divided by 299.
38
Calculate the remainder when 63990302 is divided by 1882067.
24
Calculate the remainder when 12802 is divided by 1269.
112
What is the remainder when 286010 is divided by 145?
70
Calculate the remainder when 1597354 is divided by 15973.
54
What is the remainder when 716857 is divided by 2154?
1729
What is the remainder when 1753655 is divided by 11029?
44
What is the remainder when 46171746 is divided by 363557?
7
Calculate the remainder when 2893761 is divided by 8.
1
What is the remainder when 1050944 is divided by 1424?
32
What is the remainder when 158037 is divided by 26192?
885
What is the remainder when 1466 is divid